
What is -6 + -6 + 14 + (0 - 0)?
2
What is 3 - 9 - (2 - 9)?
1
7 + (-3 - 4) + 1 + 6
7
What is 0 - ((-28 - -25) + 2 + 2)?
-1
Calculate 2 - 7 - -10 - 10.
-5
What is 1 - (-5 + 5) - (6 + 0)?
-5
Calculate (6 - 11 - -6) + 1.
2
What is -1 + (12 - 10) + 6?
7
What is the value of 3 - (-3 - -9) - 0?
-3
Evaluate -1 + (-4 - -1 - -5).
1
15 - 11 - (0 + 1)
3
1 + (-10 - 0) - (-29 - -26)
-6
What is -1 + -4 + -4 + -1 + 4?
-6
What is the value of 6 + -7 - (4 - 0)?
-5
What is (2 - 10) + 4 - -7?
3
What is (-10 - (-5 + 4)) + 4?
-5
7 + (10 - 4 - 8)
5
What is 2 - (3 - (0 + 2))?
1
What is -1 + -7 + 1 + 3?
-4
What is the value of 1 - (-6 + 3) - (8 + -8)?
4
Evaluate 0 + 1 + -1 + -2 + 3.
1
Calculate 6 - (-3 + 6 + 4 - 6).
5
What is the value of (3 - 18) + 3 + 11?
-1
What is 3 + -2 + (-5 - 2)?
-6
Evaluate -10 + 2 - -1 - (45 + -44).
-8
What is the value of (-2 + -2 - (5 + -5)) + 0?
-4
-3 - (-10 + 2) - 4
1
What is -6 - ((-1 - 5) + 11 + -10)?
-1
What is 15 - (15 + -13 - -13)?
0
What is the value of -2 + 1 + (-68 - -67)?
-2
Evaluate -2 + -1 + 3 + 2.
2
What is -1 - -5 - (4 - (3 + -1))?
2
What is -2 + -4 - -5 - (1 - -3)?
-5
Evaluate 7 - ((0 - (-6 + 3)) + -2).
6
What is the value of -1 + 4 + 4 + (1 - 6)?
2
-3 - (-5 + -2 - -9) - -1
-4
What is the value of (4 - -3) + -13 + 11?
5
Calculate (-1 - -2) + 27 + -22.
6
Calculate -4 + 8 + 3 + -2.
5
Evaluate -6 - (-4 - (4 - 6)).
-4
What is (11 + (4 - 8) - 4) + 0?
3
What is 4 - -1 - (3 + (-3 - -12))?
-7
0 + (3 - (1 + 8) - -2)
-4
Evaluate (7 - 7) + (-10 - -1) + 4.
-5
Calculate -6 - (7 + -7 + 6 + -13).
1
What is the value of -4 - (0 + -2 - (-18 + 16))?
-4
What is 1 - (-8 - (4 - 8))?
5
What is the value of -4 + (-4 - -8 - 1)?
-1
Calculate 1 - (1 + (1 - -1)).
-2
What is -2 - 2 - (5 + 11 + -14)?
-6
What is 0 + -3 - -1 - -5?
3
What is the value of -1 - (-9 + -3 + 19)?
-8
Calculate 2 + 1 - (12 - (2 + 7)).
0
Calculate (10 - 10) + -6 - (2 - -3).
-11
(5 - 6) + (-2 - -4)
1
What is 7 + 1 + -22 + (0 - -4)?
-10
What is 8 + 3 + -6 + -1 + -8?
-4
3 - (5 - (2 - -3))
3
What is -6 + 14 + -2 - 3?
3
Calculate 4 + (-7 - -6 - 7).
-4
What is the value of 3 + -2 + 5 - (2 - 0)?
4
Evaluate 9 + -5 + (0 - 2) - 7.
-5
What is the value of 3 - (-2 - (-2 - (-1 - 2)))?
6
What is the value of (7 - -2) + -6 - (0 + -1)?
4
Evaluate 1 - (8 + (-10 - (0 + -1))).
2
What is the value of 2 - (-5 - -1 - (12 - 13))?
5
What is the value of (-1 - 3) + (1 - -2)?
-1
Calculate (2 - 1) + 1 - (-3 + 3).
2
Calculate 19 - 3 - (32 - 22).
6
(-6 - 5) + 22 + -14
-3
Calculate 2 - (-3 - (-4 + 4)).
5
-12 + 9 + -4 - -9
2
What is (10 - -3) + -9 - 10?
-6
What is 4 - 4 - 4 - -3 - 1?
-2
Evaluate -1 - (-1 - -1 - (3 - 4)).
-2
-3 - (-1 + -1 + -6)
5
4 + -6 - 2 - (-13 - -12)
-3
What is the value of 5 + 0 + 6 + -10 - 9?
-8
-1 + (3 - 19) - -9
-8
5 - ((-14 - 4) + 12)
11
What is the value of 3 + 3 + 6 + (4 - 13)?
3
What is 7 + -3 + (-30 - -21)?
-5
Evaluate 2 + 3 + 5 + (-10 - 4).
-4
Evaluate 2 + 5 + -11 - (1 - 1).
-4
Evaluate -3 + (-1 - (-9 - -4)) - 8.
-7
What is 0 - (-1 + 4 + -6)?
3
What is the value of -6 + (-3 - (4 + -2 - 11))?
0
-1 - -3 - (-2 - -6) - -10
8
Evaluate 1 + (-6 - (-7 + 5)).
-3
What is the value of 2 - 1 - 1 - -4?
4
Evaluate -8 - -14 - 5 - 5.
-4
Calculate 5 - 10 - (-2 - 2).
-1
(-2 - -2 - -2) + -2 - 4
-4
9 - 0 - (7 + -1) - 1
2
What is the value of -6 + 8 + (-8 - -9)?
3
Calculate (2 - -3) + -6 + -1.
-2
Evaluate -6 + -2 + -2 - 0.
-10
Evaluate (-1 - -2) + 1 - (1 - 2).
3
Evaluate -2 + (-6 - -6) + 6.
4
Calculate 2 - (2 - (1 - (4 - 8))).
5
What is the value of (-1 - -1 - 0) + (5 - 1)?
4
(-6 - -3) + 5 + -1 + -1
0
What is the value of -19 + 17 - (-1 + 2 + -2)?
-1
What is the value of 0 - 1 - (-4 + 1)?
2
Calculate 0 + -1 + 5 - (41 + -41).
4
Calculate 0 + 2 - (-5 - -8).
-1
Evaluate -4 + 3 + 1 - (-12 + 10).
2
What is 1 + -1 + -1 + 4 + -2?
1
What is the value of -11 + 1 + (-14 - -24)?
0
What is the value of 1 + (-2 - -2 - -1) + 2?
4
Evaluate -6 + 5 + -2 - -11.
8
What is the value of -5 - ((3 - -4) + -7)?
-5
What is 2 + (3 - 4 - 6)?
-5
What is -9 - -3 - (-8 - -4)?
-2
(-14 - -9 - (2 + -8)) + 6
7
What is the value of -3 - (-5 + (-2 - -7))?
-3
Calculate -6 + -1 + 8 - -5.
6
Evaluate (7 - -1 - 12) + (-3 - -8).
1
1 + 3 - ((6 - 0) + 0)
-2
What is the value of -6 - (-10 + 9 + -7)?
2
What is 2 + (6 - 10) - (-2 - 0)?
0
Calculate 7 + (-20 - -11) + 10 + 0.
8
Evaluate -1 + (0 + 5 - 6) - 0.
-2
Evaluate 0 + 0 - (-16 - -11).
5
(-4 - -8) + -1 - 3
0
What is 3 + (13 - 21) + 12?
7
(3 - (4 + -1)) + (3 - 4)
-1
What is the value of -6 - 0 - -6 - 1?
-1
Calculate 0 - 1 - 7 - (-6 + 1).
-3
What is 1 + 8 + 2 + -8 + -7?
-4
-3 + 1 - (6 + -1 + -3)
-4
What is (3 - 1) + (28 - 4 - 16)?
10
What is -1 - (-5 + (5 - 0) + -4)?
3
Evaluate 0 + -2 + -2 + (-2 - -9).
3
Calculate -1 + (9 + -17 - -3).
-6
What is (14 - 21) + 4 + 0 + -3?
-6
Calculate 164 + -164 - (-1 - (5 - 1)).
5
1 + -11 + (-11 - -20)
-1
Calculate (-3 - -1) + -4 + (27 - 17).
4
What is (2 - 4) + (2 - (-3 - -4))?
-1
What is 2 + (12 - 6) + -5?
3
Evaluate -2 + 5 - (-1 + 6).
-2
What is (-18 - -10) + (5 - 0)?
-3
What is the value of (-1 - -1) + -2 + -1?
-3
Evaluate (-2 - 0) + 6 - (2 - -3).
-1
Evaluate -2 - (0 - (-1 - -4)) - 2.
-1
Calculate -5 - (-1 + -7 + 6).
-3
What is 1 - (7 + -8 + (0 - 2))?
4
Evaluate (2 - 0) + (-5 - (-5 - -7)).
-5
What is the value of -3 + (-1 - -1) + 10 + -3?
4
What is 10 + -13 + (-2 - -2 - -3)?
0
(18 - 20) + (10 - -2)
10
What is -6 + (13 - 2) - (-1 + -2)?
8
What is the value of (1 - -1) + 7 + -6?
3
1 + (11 + -5 - 3)
4
What is 8 + (-4 - -1) - 3?
2
What is 5 - 14 - (5 - 0 - 8)?
-6
What is -2 - (-5 + (-9 - -6) + 2)?
4
What is the value of -6 + 9 - (0 + 6)?
-3
What is the value of 1 - 0 - (-13 + 11)?
3
What is (5 - (-5 - -3)) + -6?
1
Evaluate -4 + (-1 - (-1 + 1)) + 1.
-4
(5 - -1) + (1 - 2) - 0
5
What is the value of (-4 + 4 - (-3 + 5)) + 1?
-1
Evaluate -8 + 1 + (3 - (5 + -4)).
-5
What is -3 - ((-4 - 0) + 6 + -9)?
4
5 + 1 + (11 - 17) + 1
1
Evaluate -21 - -27 - (2 - -2).
2
What is the value of -8 - (-1 + -3 + 0)?
-4
-6 + (-6 - -7) + 8
3
What is 8 + (0 - 2) - 4?
2
Calculate -5 + (-2 + -5 - -5).
-7
What is (-2 - 1 - 1) + (30 - 23)?
3
Calculate 0 + -1 + (4 - (4 - 3)).
2
-3 + 1 + (3 - (2 - -2))
-3
Evaluate (1 - (4 + 4 + -5)) + 0.
-2
Calculate (9 - (4 + (4 - 5))) + -2.
4
What is the value of 2 - (7 - (10 - 5))?
0
What is the value of (8 - 14) + -2 - -11?
3
What is the value of 11 + (11 - 24) - (1 + -5)?
2
What is -2 - (-1 - 6) - (48 - 45)?
2
What is the value of -3 - 0 - (-3 - (3 - 5))?
-2
What is the value of (-3 - (0 - -2)) + -2 + 13?
6
Calculate (3 - 3) + -5 + -2.
-7
Evaluate -7 + 3 + (-5 - -11).
2
Calculate 5 - (0 + (-2 - -4) - -1).
2
What is the value of 6 + -2 + (-20 - -25)?
9
-3 - 4 - 1 - (15 - 19)
-4
Calculate (-6 + 10 - -7) + -5.
6
Evaluate -9 - (1 + -6 - 1).
-3
Evaluate 10 - (2 + 2) - 1.
5
Calculate -5 + (4 - 6) - 2 - -6.
-3
Evaluate -1 - (-6 + -1 - -2).
4
Evaluate (-2 + -1 - -5) + -1 - 7.
-6
Calculate -1 + (5 - (-5 - -5)).
4
Evaluate -2 - (-3 + 6 + (5 - 9)).
-1
What is the value of -10 + 1 + (-15 - -20)?
-4
Calculate -1 + (0 - (3 + -1)) - -7.
4
What is 3 - (-15 - -7 - -17)?
-6
What is -11 - (-5 + 6 + -8)?
-4
What is 32 + -30 + -1 + 3?
4
Evaluate 5 + -3 + -1 + -1.
0
Evaluate 1 + 1 - -1 - (11 + -1).
-7
Calculate 9 + (2 + -7 - (1 - 3)).
6
Evaluate -12 + (-17 - -12 - -11).
-6
-5 + 8 - (-1 + 1) - 8
-5
Calculate -7 + (-9 - -11) + (-2 - 1).
-8
Evaluate (-4 - 1) + 8 + (1 - 1).
3
Calculate 67 - 59 - (0 - -1) - 11.
-4
What is the value of -8 + 13 + -8 - (-2 + -7)?
6
What is the value of (7 - 9 - -6) + -2?
2
What is 1 + (-12 - (-18 - -10))?
-3
What is the value of 4 + 2 + -4 + 0 + 1?
3
Calculate 3 + (9 - 6 - 6 - 6).
-6
What is the value of 2 - -1 - (3 - 1)?
1
What is the value of 3 + -3 + 2 - 5 - 5?
-8
Calculate 1 + (6 - (1 + 1)).
5
Evaluate -3 + 2 + -6 + 3.
-4
Evaluate 1 + -4 + -4 + 3 - -1.
-3
What is -2 + 7 + (-2 - -2)?
5
0 + -1 + -2 + (16 - 16)
-3
What is the value of 8 - 13 - (4 - (2 + 3))?
-4
What is 9 - 6 - (8 + -2)?
-3
What is the value of -2 + (-24 - -15) + (9 - 1)?
-3
What is 1 + -1 + (-5 - -1) + 9?
5
Evaluate -2 + 10 - 4 - (-4 - 1).
9
What is 15 + -13 + (0 - 0) + -1?
1
(-26 - -16 - -5) + -5 + 1
-9
What is the value of (4 - (6 + -1)) + -5?
-6
What is -2 - 0 - (8 - (-6 - -16))?
0
-12 + (19 - 5) - (3 - -1)
-2
What is (-1 - -16) + (22 - 31)?
6
What is the value of -11 - -4 - -3 - 2